5. Let u be (-2)/(-3) - 16/(-12). Let l be 964/16 - u/8. Calculate the greatest common factor of l and j.
15
Suppose 6*b - 7*b = -l - 7, 11 = 5*b + 3*l. Suppose -5*f = b*i - 294, -5*i + 107 = 2*f + 3. Calculate the highest common divisor of 155 and f.
31
Suppose -1 - 4 = -r. Let i be (54/(-15))/((-1)/r). What is the highest common divisor of 126 and i?
18
Let k(m) = 2 - 1 + m**2 - 5. Let d be k(6). Let h be (-112)/d*10/(-1). What is the greatest common divisor of 7 and h?
7
Let o be (-8)/(-40) - (0 + 254/(-5)). Calculate the highest common factor of 68 and o.
17
Let j be 4 + (3 - 4) - -1. Suppose 2*r + 96 = j*r. Calculate the highest common factor of 60 and r.
12
Suppose -2*m = 3*c - 179, 3*m - 5*c - 97 = 181. Let z be 52/m + 1/((-14)/(-230)). What is the greatest common factor of 153 and z?
17
Let o = -32 + 84. Calculate the greatest common divisor of o and 260.
52
Let o = 916 + -889. Calculate the greatest common divisor of 351 and o.
27
Suppose 4*m = 2*m + 266. Let d(n) = n**3 + 15*n**2 - 34*n + 19. Let y be d(-17). Calculate the highest common divisor of m and y.
19
Suppose 8*s = 9*s - 3. Suppose -k + 19 = 3*h, -k + 17 = s*h + 2*h. Let u = -10 + k. Calculate the greatest common factor of u and 132.
12
Let j = 13 - 4. Let n(z) = -z + 12. Let k be n(j). What is the highest common divisor of k and 12?
3
Let o = 8 - 18. Let s be (-20)/o*34/4. What is the greatest common factor of s and 68?
17
Let g = -615 + 635. Let d = -3 + -2. Let k be (12/d)/((-15)/1000). Calculate the greatest common divisor of k and g.
20
Let s be 4/(-26) - ((-1072)/52)/4. Suppose -d = -l - 39, -s*d + 3*l = -113 - 78. Calculate the highest common factor of d and 74.
37
Let t be 60*4 - (-5)/(15/(-6)). Let q be 67*((-1 - -1) + -1). Let p = q + t. What is the highest common factor of 19 and p?
19
Let s(v) = v**3 + v**2 + 2*v - 3. Let t be s(3). Let a = 55 + -32. Suppose -4*r + 4 = 3*y - a, 4*r - 53 = -5*y. What is the greatest common divisor of t and y?
13
Let o be -9*1 + (-7 - -10). Let h be 8/o*(-15)/10. Let m = 14 - h. Calculate the highest common factor of 108 and m.
12
Let z(t) = 1 + t + 0 + 0 + 2. Let s be z(7). Suppose -2 = -2*y - y - l, 2*l = -y - 6. Calculate the highest common divisor of s and y.
2
Suppose 242*k - 237*k - 20 = 0. What is the greatest common factor of 10 and k?
2
Suppose 512 = 2*t - 0*t. Let p(f) = 3*f**2 - 13*f + 2. Let n be p(6). Calculate the highest common divisor of t and n.
32
Suppose a + 5*j - 100 = -2*a, -5*a - 2*j + 173 = 0. What is the highest common divisor of 112 and a?
7
Suppose 10*v = 7*v + 576. Let m be (12/16)/(-2 + 388/v). Calculate the highest common divisor of m and 24.
12
Suppose -g - 2 = -5. Suppose -2*u - g*v + 7 = 0, -u - 4*v + 5 = -v. Let r be 97 + 0/(-3) + u. Calculate the highest common divisor of r and 9.
9
Let j(n) = n**3 + 8*n**2 - 9*n + 30. Let v be j(-7). What is the greatest common divisor of 71 and v?
71
Suppose 72 = 42*u - 34*u. Calculate the highest common factor of 381 and u.
3
Suppose -3*h = 0, 3*h + 8 = i + 2. Let j(q) = -11*q**2 + 19 + q**2 + 0*q**3 - q**3 + 4 + 2*q. Let t be j(-10). Calculate the greatest common factor of i and t.
3
Let j be -1*(-88 + 2) + 1. What is the highest common factor of j and 58?
29
Let c(q) = 5*q. Suppose -14 = -n - n + 4*p, -n + 13 = -5*p. Let v be c(n). Let u be ((-105)/(-4))/((-10)/(-40)). What is the greatest common divisor of v and u?
15
Suppose -9*q = -6*q. Suppose 6*x + q*x - 120 = 0. What is the highest common divisor of x and 50?
10
Let l = 0 - -56. Calculate the greatest common factor of l and 280.
56
Let n be (18/30)/((-18)/(-540)). What is the greatest common factor of n and 729?
9
Let s = 477 + -297. What is the highest common divisor of 306 and s?
18
Suppose -4*h - 45 = -19*h. Suppose -h*k - 78 = -4*c, -c = k + 3*k - 29. What is the greatest common divisor of 7 and c?
7
Let m(u) = u - 11. Let d be m(21). What is the greatest common divisor of 310 and d?
10
Let r(i) = 4*i**2 - 9*i + 7. Let t be r(7). Suppose 7*o - 2*o = t. Let q = -1756 + 1784. Calculate the highest common divisor of o and q.
28
Let w(a) = -a**2 + 9*a + 2. Let s be w(7). Suppose 11*r - 14 = 4*r. Calculate the greatest common factor of s and r.
2
Let b(u) = -7*u**3 - u**2. Let j be b(-1). Suppose -h - 17 = -4*r, -r + 20 = j*h - h. What is the highest common factor of h and 1?
1
Suppose 111*w + 9 = 114*w. Suppose 0 = 4*i + 7 + 5, 3 = 3*r + 5*i. What is the highest common factor of r and w?
3
Let s = 12 - 12. Suppose y = -s*y + 54. Suppose 4*a - 105 = 5*o, -y = -3*a + a + 4*o. What is the greatest common factor of 10 and a?
5
Let b = -6 + 6. Suppose u - 1 = b, w - 5*u = -2*u + 24. Let i be -1*8*w/(-12). Calculate the highest common factor of i and 45.
9
Suppose -3*h = -k - 36, 4*k + 2 + 12 = 2*h. Let s = 309 + -166. What is the highest common factor of s and h?
13
Suppose 4*r + 4 = z - 57, 13 = -2*r - 3*z. Let n = -10 - r. Let s(v) = -v**2 + 5*v + 8. Let h be s(6). Calculate the highest common divisor of n and h.
2
Let m(d) = 12*d**2 - 10*d - 1. Let n(t) = -t - 8. Let q be n(-4). Let x be m(q). Calculate the greatest common divisor of 33 and x.
33
Let f be 103/103 - (1040/(-2))/2. What is the highest common divisor of 18 and f?
9
Let g = 226 - 92. Let v = 185 - g. Calculate the highest common divisor of v and 17.
17
Let b be (2 + (-7)/7)/1. What is the highest common divisor of 1 and b?
1
Let k = -6174 - -6193. Let f = 0 + 34. Let g = f + -15. Calculate the highest common divisor of k and g.
19
Suppose -154*j = -131*j - 1150. Calculate the greatest common divisor of j and 1250.
50
Suppose -3*f - p = p - 71, -3*f + 76 = p. Let o = -11 + f. What is the greatest common factor of o and 24?
8
Let t = 1477 - 1156. Calculate the greatest common factor of t and 3.
3
Let z(o) = o + 26. Let m be z(40). What is the highest common factor of 18 and m?
6
Let w be 24/5*15/3. Let q(r) be the third derivative of -r**4/12 - r**3/3 + 9*r**2. Let a be q(-5). What is the greatest common factor of a and w?
8
Suppose -86 = 2*d + a, 184 = -4*d + 2*a + 2*a. Let t = d - -49. What is the highest common factor of t and 30?
5
Let s(u) = -2*u**3 - 2*u**2. Let g be s(-3). Let d be (12/(-8))/((-3)/g). Suppose -k - k + d = 0. Calculate the highest common divisor of 45 and k.
9
Suppose -180*d = -169*d - 55. What is the highest common divisor of 295 and d?
5
Let c be (-4)/26 - 477285/(-611). What is the highest common factor of 71 and c?
71
Let n = 31 + -28. Suppose -123 = -10*h - n. Let d be 2*4 + (1 - 1). What is the greatest common divisor of h and d?
4
Let b = 48 + -33. Let u be (-51)/34*-4*2/4. What is the highest common factor of u and b?
3
Let i = -71 - -23. Let w be 3/(3 + i/20). Let x be w - (-2 + -1 + 7). What is the highest common factor of x and 1?
1
Suppose -4*r + 639 = -3*d, 0 = -3*r + 5*r - 3*d - 327. Calculate the highest common factor of 12 and r.
12
Let w(q) = -61*q + 7. Let h be w(0). What is the greatest common factor of h and 938?
7
Let u = 12 - -10. Suppose 8 = -2*q, -2*x - 2*q + 2 = 8. Let g be 165/x*(-1)/(-3). What is the greatest common divisor of u and g?
11
Suppose 4*g - 2*p = 1072, 2*g - 536 = -80*p + 77*p. What is the greatest common factor of g and 67?
67
Suppose 28*f - 151 = 26*f + 3*k, -3*f = -2*k - 214. Calculate the greatest common factor of f and 51.
17
Let m = -131 + 207. What is the highest common factor of m and 19?
19
Let y be -2 + 1 + 2 - -3. Let f = y + 1. Suppose 93 = 18*o - 177. What is the highest common factor of f and o?
5
Let s be 2/(-4) + (-21)/(-6). Suppose s = -w - 3*y + 15, -3*w - y = -12. Suppose w*b - 287 = 1. What is the greatest common divisor of b and 12?
12
Let z(i) = i**2 + 4. Let l be z(0). Let p(y) = -10*y + 1. Let t be p(0). Calculate the greatest common factor of t and l.
1
Let w = 352 + -100. What is the greatest common divisor of w and 315?
63
Suppose 2784*y - 2780*y = 32. Calculate the greatest common divisor of y and 196.
4
Let d(q) = q + 4. Let a(f) = 4*f + 12. Let o(n) = -5*a(n) + 14*d(n). Let c = -6 - -4. Let j be o(c). What is the highest common divisor of j and 16?
8
Let h(q) = 2*q**2 + 13*q - 13. Let w be h(-10). Let v = w - 29. Calculate the greatest common factor of 70 and v.
14
Suppose -4*n + 77 = 3*n. Suppose n*w = 13*w - 162. Let c = 16 - 7. What is the greates